{"id":319,"date":"2024-02-28T13:20:19","date_gmt":"2024-02-28T12:20:19","guid":{"rendered":"https:\/\/elektronmusikstudion.se\/?page_id=319"},"modified":"2024-12-10T08:56:44","modified_gmt":"2024-12-10T07:56:44","slug":"kotar-o-elektronmusikstudion-ems","status":"publish","type":"page","link":"https:\/\/elektronmusikstudion.se\/rom\/","title":{"rendered":"Elektronmusikstudion EMS\u00a0"},"content":{"rendered":"\n\n<div class=\"w-constrained richtext\"><external-link-icon>\n<h2 class=\"wp-block-heading\">Amari buti&nbsp;<\/h2>\n<\/external-link-icon><\/div>\n\n<div class=\"w-constrained richtext\"><external-link-icon>\n<p>Pana kotar o ber\u0161 1964 amen po\u010dijam te \u010dera buti ki elektroakusti\u010dno muzika hem umetni\u010dko zvuko.<\/p>\n<\/external-link-icon><\/div>\n\n<div class=\"w-constrained richtext\"><external-link-icon>\n<p>Amari buti tani te podr\u017eina o artisti\u010dko procesi ko akava \u017eanri hem te phrava neve drumija hem neve \u0161anse te sikljova jekh jekhestar.&nbsp;<\/p>\n<\/external-link-icon><\/div>\n\n<div class=\"w-constrained richtext\"><external-link-icon>\n<h2 class=\"wp-block-heading\">Studio ki top klasa&nbsp;<\/h2>\n<\/external-link-icon><\/div>\n\n<div class=\"w-constrained richtext\"><external-link-icon>\n<p>Svako ber\u0161 akate koro amende ko S\u00f6der M\u00e4larstrand ki Stockholm avena ton majstorija kotar celo sveto. Amaro studio isi olje ma\u0161karo naj\u0161u\u017ei tehnika ko sveto hem phravdo tano non-stop.<\/p>\n<\/external-link-icon><\/div>\n\n<div class=\"w-constrained richtext\"><external-link-icon>\n<p><a href=\"https:\/\/elektronmusikstudion.se\/vara-studior\/\">Tu so koristineja o EMS \u0161aj te rezervisine o studio akate.<\/a><\/p>\n<\/external-link-icon><\/div>\n\n<div class=\"w-constrained richtext\"><external-link-icon>\n<h2 class=\"wp-block-heading\">Kurs hem edukacia&nbsp;<\/h2>\n<\/external-link-icon><\/div>\n\n<div class=\"w-constrained richtext\"><external-link-icon>\n<p>Prekalo amare kursija, amen phravaja o udara neve hem purane artisten\u0111e te \u0111an poanglal hem te sikljoven pobuter kotar akava \u017eanri.<\/p>\n<\/external-link-icon><\/div>\n\n<div class=\"w-constrained richtext\"><external-link-icon>\n<p><a href=\"https:\/\/elektronmusikstudion.se\/kurser\/\">Dikh amare aktuelna kursija.<\/a><\/p>\n<\/external-link-icon><\/div>\n\n<div class=\"w-constrained richtext\"><external-link-icon>\n<h2 class=\"wp-block-heading\">Residencia hem studio<\/h2>\n<\/external-link-icon><\/div>\n\n<div class=\"w-constrained richtext\"><external-link-icon>\n<p>Prekalo amaro internacionalno residenc-programi amen daja \u0161ansa e ton majstoren\u0111e te \u010deren buti akate ko studio.&nbsp;Jekh puti ko ber\u0161 \u010dereja odova.<\/p>\n<\/external-link-icon><\/div>\n\n<div class=\"w-constrained richtext\"><external-link-icon>\n<p><a href=\"https:\/\/elektronmusikstudion.se\/vara-studior\/bli-studioanvandare\/\">O ton majstorija kotar \u0160vedska akate \u0161aj te roden.<\/a><\/p>\n<\/external-link-icon><\/div>\n\n<div class=\"w-constrained richtext\"><external-link-icon>\n<h2 class=\"wp-block-heading\">Historia hem poanglal&nbsp;<\/h2>\n<\/external-link-icon><\/div>\n\n<div class=\"w-constrained richtext\"><external-link-icon>\n<p>O EMS startirin\u0111a pe angljeder 60 ber\u0161, kova tegani hine pioniri ki pi klasa \u2013 unikatno ko celo sveto. Kotar tegani o EMS hine glavno ta\u010dka ba\u0161 o internacionalna kompozitorija hem artistija.&nbsp;<\/p>\n<\/external-link-icon><\/div>","protected":false},"excerpt":{"rendered":"<p>Amari buti&nbsp; Pana kotar o ber\u0161 1964 amen po\u010dijam te \u010dera buti ki elektroakusti\u010dno muzika hem umetni\u010dko zvuko. Amari buti tani te podr\u017eina o artisti\u010dko procesi ko akava \u017eanri hem te phrava neve drumija hem neve \u0161anse te sikljova jekh jekhestar.&nbsp; Studio ki top klasa&nbsp; Svako ber\u0161 akate koro amende ko S\u00f6der M\u00e4larstrand ki Stockholm [&hellip;]<\/p>\n","protected":false},"author":2,"featured_media":0,"parent":0,"menu_order":-100,"comment_status":"closed","ping_status":"open","template":"","meta":{"_acf_changed":false,"footnotes":""},"class_list":["post-319","page","type-page","status-publish","hentry"],"acf":[],"yoast_head":"<!-- This site is optimized with the Yoast SEO plugin v25.8 - https:\/\/yoast.com\/wordpress\/plugins\/seo\/ -->\n<title>Elektronmusikstudion EMS\u00a0 - Elektronmusikstudion<\/title>\n<meta name=\"robots\" content=\"index, follow, max-snippet:-1, max-image-preview:large, max-video-preview:-1\" \/>\n<link rel=\"canonical\" href=\"https:\/\/elektronmusikstudion.se\/\" \/>\n<meta property=\"og:locale\" content=\"ro_RO\" \/>\n<meta property=\"og:type\" content=\"article\" \/>\n<meta property=\"og:title\" content=\"Elektronmusikstudion EMS\u00a0 - Elektronmusikstudion\" \/>\n<meta property=\"og:description\" content=\"Amari buti&nbsp; Pana kotar o ber\u0161 1964 amen po\u010dijam te \u010dera buti ki elektroakusti\u010dno muzika hem umetni\u010dko zvuko. Amari buti tani te podr\u017eina o artisti\u010dko procesi ko akava \u017eanri hem te phrava neve drumija hem neve \u0161anse te sikljova jekh jekhestar.&nbsp; Studio ki top klasa&nbsp; Svako ber\u0161 akate koro amende ko S\u00f6der M\u00e4larstrand ki Stockholm [&hellip;]\" \/>\n<meta property=\"og:url\" content=\"https:\/\/elektronmusikstudion.se\/\" \/>\n<meta property=\"og:site_name\" content=\"Elektronmusikstudion\" \/>\n<meta property=\"article:modified_time\" content=\"2024-12-10T07:56:44+00:00\" \/>\n<meta name=\"twitter:card\" content=\"summary_large_image\" \/>\n<meta name=\"twitter:label1\" content=\"Est. reading time\" \/>\n\t<meta name=\"twitter:data1\" content=\"1 minute\" \/>\n<script type=\"application\/ld+json\" class=\"yoast-schema-graph\">{\"@context\":\"https:\/\/schema.org\",\"@graph\":[{\"@type\":\"WebPage\",\"@id\":\"https:\/\/elektronmusikstudion.se\/\",\"url\":\"https:\/\/elektronmusikstudion.se\/\",\"name\":\"Elektronmusikstudion EMS\u00a0 - Elektronmusikstudion\",\"isPartOf\":{\"@id\":\"https:\/\/elektronmusikstudion.se\/#website\"},\"datePublished\":\"2024-02-28T12:20:19+00:00\",\"dateModified\":\"2024-12-10T07:56:44+00:00\",\"breadcrumb\":{\"@id\":\"https:\/\/elektronmusikstudion.se\/#breadcrumb\"},\"inLanguage\":\"rom\",\"potentialAction\":[{\"@type\":\"ReadAction\",\"target\":[\"https:\/\/elektronmusikstudion.se\/\"]}]},{\"@type\":\"BreadcrumbList\",\"@id\":\"https:\/\/elektronmusikstudion.se\/#breadcrumb\",\"itemListElement\":[{\"@type\":\"ListItem\",\"position\":1,\"name\":\"Home\",\"item\":\"https:\/\/elektronmusikstudion.se\/\"},{\"@type\":\"ListItem\",\"position\":2,\"name\":\"Elektronmusikstudion EMS\u00a0\"}]},{\"@type\":\"WebSite\",\"@id\":\"https:\/\/elektronmusikstudion.se\/#website\",\"url\":\"https:\/\/elektronmusikstudion.se\/\",\"name\":\"Elektronmusikstudion\",\"description\":\"\",\"potentialAction\":[{\"@type\":\"SearchAction\",\"target\":{\"@type\":\"EntryPoint\",\"urlTemplate\":\"https:\/\/elektronmusikstudion.se\/?s={search_term_string}\"},\"query-input\":{\"@type\":\"PropertyValueSpecification\",\"valueRequired\":true,\"valueName\":\"search_term_string\"}}],\"inLanguage\":\"rom\"}]}<\/script>\n<!-- \/ Yoast SEO plugin. -->","yoast_head_json":{"title":"Elektronmusikstudion EMS\u00a0 - Elektronmusikstudion","robots":{"index":"index","follow":"follow","max-snippet":"max-snippet:-1","max-image-preview":"max-image-preview:large","max-video-preview":"max-video-preview:-1"},"canonical":"https:\/\/elektronmusikstudion.se\/","og_locale":"ro_RO","og_type":"article","og_title":"Elektronmusikstudion EMS\u00a0 - Elektronmusikstudion","og_description":"Amari buti&nbsp; Pana kotar o ber\u0161 1964 amen po\u010dijam te \u010dera buti ki elektroakusti\u010dno muzika hem umetni\u010dko zvuko. Amari buti tani te podr\u017eina o artisti\u010dko procesi ko akava \u017eanri hem te phrava neve drumija hem neve \u0161anse te sikljova jekh jekhestar.&nbsp; Studio ki top klasa&nbsp; Svako ber\u0161 akate koro amende ko S\u00f6der M\u00e4larstrand ki Stockholm [&hellip;]","og_url":"https:\/\/elektronmusikstudion.se\/","og_site_name":"Elektronmusikstudion","article_modified_time":"2024-12-10T07:56:44+00:00","twitter_card":"summary_large_image","twitter_misc":{"Est. reading time":"1 minute"},"schema":{"@context":"https:\/\/schema.org","@graph":[{"@type":"WebPage","@id":"https:\/\/elektronmusikstudion.se\/","url":"https:\/\/elektronmusikstudion.se\/","name":"Elektronmusikstudion EMS\u00a0 - Elektronmusikstudion","isPartOf":{"@id":"https:\/\/elektronmusikstudion.se\/#website"},"datePublished":"2024-02-28T12:20:19+00:00","dateModified":"2024-12-10T07:56:44+00:00","breadcrumb":{"@id":"https:\/\/elektronmusikstudion.se\/#breadcrumb"},"inLanguage":"rom","potentialAction":[{"@type":"ReadAction","target":["https:\/\/elektronmusikstudion.se\/"]}]},{"@type":"BreadcrumbList","@id":"https:\/\/elektronmusikstudion.se\/#breadcrumb","itemListElement":[{"@type":"ListItem","position":1,"name":"Home","item":"https:\/\/elektronmusikstudion.se\/"},{"@type":"ListItem","position":2,"name":"Elektronmusikstudion EMS\u00a0"}]},{"@type":"WebSite","@id":"https:\/\/elektronmusikstudion.se\/#website","url":"https:\/\/elektronmusikstudion.se\/","name":"Elektronmusikstudion","description":"","potentialAction":[{"@type":"SearchAction","target":{"@type":"EntryPoint","urlTemplate":"https:\/\/elektronmusikstudion.se\/?s={search_term_string}"},"query-input":{"@type":"PropertyValueSpecification","valueRequired":true,"valueName":"search_term_string"}}],"inLanguage":"rom"}]}},"_links":{"self":[{"href":"https:\/\/elektronmusikstudion.se\/rom\/wp-json\/wp\/v2\/pages\/319","targetHints":{"allow":["GET"]}}],"collection":[{"href":"https:\/\/elektronmusikstudion.se\/rom\/wp-json\/wp\/v2\/pages"}],"about":[{"href":"https:\/\/elektronmusikstudion.se\/rom\/wp-json\/wp\/v2\/types\/page"}],"author":[{"embeddable":true,"href":"https:\/\/elektronmusikstudion.se\/rom\/wp-json\/wp\/v2\/users\/2"}],"replies":[{"embeddable":true,"href":"https:\/\/elektronmusikstudion.se\/rom\/wp-json\/wp\/v2\/comments?post=319"}],"version-history":[{"count":3,"href":"https:\/\/elektronmusikstudion.se\/rom\/wp-json\/wp\/v2\/pages\/319\/revisions"}],"predecessor-version":[{"id":949,"href":"https:\/\/elektronmusikstudion.se\/rom\/wp-json\/wp\/v2\/pages\/319\/revisions\/949"}],"wp:attachment":[{"href":"https:\/\/elektronmusikstudion.se\/rom\/wp-json\/wp\/v2\/media?parent=319"}],"curies":[{"name":"wp","href":"https:\/\/api.w.org\/{rel}","templated":true}]}}