{"id":13352,"date":"2026-03-25T13:02:36","date_gmt":"2026-03-25T12:02:36","guid":{"rendered":"https:\/\/elektronmusikstudion.se\/?page_id=13352"},"modified":"2026-04-15T09:13:59","modified_gmt":"2026-04-15T07:13:59","slug":"gabriel-kleber","status":"publish","type":"page","link":"https:\/\/elektronmusikstudion.se\/en\/guest-composers\/guest-composers-2026\/gabriel-kleber\/","title":{"rendered":"Gabriel Kleber"},"content":{"rendered":"<div class=\"w-constrained\">\n\t<p class=\"mb-4 font-light font-text-font text-large-text leading-large-text md:mb-10\">At  EMS April 9&ndash;14, 2026<\/p>\n<\/div>\n\n\n<div class=\"richtext w-constrained\">\n<figure class=\"wp-block-image size-large\"><img loading=\"lazy\" decoding=\"async\" width=\"1024\" height=\"683\" src=\"https:\/\/elektronmusikstudion.se\/wp-content\/uploads\/sites\/6\/2026\/03\/Gabriel-Kleber-1024x683.jpg\" alt=\"\" class=\"wp-image-13353\" srcset=\"https:\/\/elektronmusikstudion.se\/wp-content\/uploads\/sites\/6\/2026\/03\/Gabriel-Kleber-1024x683.jpg 1024w, https:\/\/elektronmusikstudion.se\/wp-content\/uploads\/sites\/6\/2026\/03\/Gabriel-Kleber-300x200.jpg 300w, https:\/\/elektronmusikstudion.se\/wp-content\/uploads\/sites\/6\/2026\/03\/Gabriel-Kleber-768x512.jpg 768w, https:\/\/elektronmusikstudion.se\/wp-content\/uploads\/sites\/6\/2026\/03\/Gabriel-Kleber-1536x1024.jpg 1536w, https:\/\/elektronmusikstudion.se\/wp-content\/uploads\/sites\/6\/2026\/03\/Gabriel-Kleber-2048x1366.jpg 2048w\" sizes=\"auto, (max-width: 1024px) 100vw, 1024px\" \/><\/figure>\n<\/div>\n\n<div class=\"w-constrained richtext\"><external-link-icon>\n<p>Gabriel Kleber is a composer and sound artist based in Berlin who works at the intersection of installation art, electronic instrument design, and experimental composition. His work has been presented across Europe at venues and festivals such as CLB Berlin, 48h Neuk\u00f6lln, and B\u00e4renzwinger in Germany; HEK Basel, Zeitr\u00e4ume Basel, and Attacca in Switzerland; as well as in Sweden, Russia, and Belgium. His most recent project, <em>Artefakt<\/em>, is an interactive audiovisual installation that premiered at HEK Basel in January 2026. In April, he will return as a resident composer at EMS Stockholm in preparation for the Rymdkonsert at Tekniska Museet.<\/p>\n<\/external-link-icon><\/div>","protected":false},"excerpt":{"rendered":"<p>Gabriel Kleber is a composer and sound artist based in Berlin who works at the intersection of installation art, electronic instrument design, and experimental composition. His work has been presented across Europe at venues and festivals such as CLB Berlin, 48h Neuk\u00f6lln, and B\u00e4renzwinger in Germany; HEK Basel, Zeitr\u00e4ume Basel, and Attacca in Switzerland; as [&hellip;]<\/p>\n","protected":false},"author":4,"featured_media":0,"parent":11646,"menu_order":0,"comment_status":"closed","ping_status":"closed","template":"","meta":{"_acf_changed":false,"footnotes":""},"class_list":["post-13352","page","type-page","status-publish","hentry"],"acf":[],"yoast_head":"<!-- This site is optimized with the Yoast SEO plugin v25.8 - https:\/\/yoast.com\/wordpress\/plugins\/seo\/ -->\n<title>Gabriel Kleber - Elektronmusikstudion<\/title>\n<meta name=\"robots\" content=\"index, follow, max-snippet:-1, max-image-preview:large, max-video-preview:-1\" \/>\n<link rel=\"canonical\" href=\"https:\/\/elektronmusikstudion.se\/en\/guest-composers\/guest-composers-2026\/gabriel-kleber\/\" \/>\n<meta property=\"og:locale\" content=\"en_US\" \/>\n<meta property=\"og:type\" content=\"article\" \/>\n<meta property=\"og:title\" content=\"Gabriel Kleber - Elektronmusikstudion\" \/>\n<meta property=\"og:description\" content=\"Gabriel Kleber is a composer and sound artist based in Berlin who works at the intersection of installation art, electronic instrument design, and experimental composition. His work has been presented across Europe at venues and festivals such as CLB Berlin, 48h Neuk\u00f6lln, and B\u00e4renzwinger in Germany; HEK Basel, Zeitr\u00e4ume Basel, and Attacca in Switzerland; as [&hellip;]\" \/>\n<meta property=\"og:url\" content=\"https:\/\/elektronmusikstudion.se\/en\/guest-composers\/guest-composers-2026\/gabriel-kleber\/\" \/>\n<meta property=\"og:site_name\" content=\"Elektronmusikstudion\" \/>\n<meta property=\"article:modified_time\" content=\"2026-04-15T07:13:59+00:00\" \/>\n<meta property=\"og:image\" content=\"https:\/\/elektronmusikstudion.se\/wp-content\/uploads\/sites\/6\/2026\/03\/Gabriel-Kleber-scaled.jpg\" \/>\n\t<meta property=\"og:image:width\" content=\"2560\" \/>\n\t<meta property=\"og:image:height\" content=\"1707\" \/>\n\t<meta property=\"og:image:type\" content=\"image\/jpeg\" \/>\n<meta name=\"twitter:card\" content=\"summary_large_image\" \/>\n<meta name=\"twitter:label1\" content=\"Est. reading time\" \/>\n\t<meta name=\"twitter:data1\" content=\"1 minute\" \/>\n<script type=\"application\/ld+json\" class=\"yoast-schema-graph\">{\"@context\":\"https:\/\/schema.org\",\"@graph\":[{\"@type\":\"WebPage\",\"@id\":\"https:\/\/elektronmusikstudion.se\/en\/guest-composers\/guest-composers-2026\/gabriel-kleber\/\",\"url\":\"https:\/\/elektronmusikstudion.se\/en\/guest-composers\/guest-composers-2026\/gabriel-kleber\/\",\"name\":\"Gabriel Kleber - Elektronmusikstudion\",\"isPartOf\":{\"@id\":\"https:\/\/elektronmusikstudion.se\/#website\"},\"primaryImageOfPage\":{\"@id\":\"https:\/\/elektronmusikstudion.se\/en\/guest-composers\/guest-composers-2026\/gabriel-kleber\/#primaryimage\"},\"image\":{\"@id\":\"https:\/\/elektronmusikstudion.se\/en\/guest-composers\/guest-composers-2026\/gabriel-kleber\/#primaryimage\"},\"thumbnailUrl\":\"https:\/\/elektronmusikstudion.se\/wp-content\/uploads\/sites\/6\/2026\/03\/Gabriel-Kleber-1024x683.jpg\",\"datePublished\":\"2026-03-25T12:02:36+00:00\",\"dateModified\":\"2026-04-15T07:13:59+00:00\",\"breadcrumb\":{\"@id\":\"https:\/\/elektronmusikstudion.se\/en\/guest-composers\/guest-composers-2026\/gabriel-kleber\/#breadcrumb\"},\"inLanguage\":\"en-US\",\"potentialAction\":[{\"@type\":\"ReadAction\",\"target\":[\"https:\/\/elektronmusikstudion.se\/en\/guest-composers\/guest-composers-2026\/gabriel-kleber\/\"]}]},{\"@type\":\"ImageObject\",\"inLanguage\":\"en-US\",\"@id\":\"https:\/\/elektronmusikstudion.se\/en\/guest-composers\/guest-composers-2026\/gabriel-kleber\/#primaryimage\",\"url\":\"https:\/\/elektronmusikstudion.se\/wp-content\/uploads\/sites\/6\/2026\/03\/Gabriel-Kleber-1024x683.jpg\",\"contentUrl\":\"https:\/\/elektronmusikstudion.se\/wp-content\/uploads\/sites\/6\/2026\/03\/Gabriel-Kleber-1024x683.jpg\"},{\"@type\":\"BreadcrumbList\",\"@id\":\"https:\/\/elektronmusikstudion.se\/en\/guest-composers\/guest-composers-2026\/gabriel-kleber\/#breadcrumb\",\"itemListElement\":[{\"@type\":\"ListItem\",\"position\":1,\"name\":\"Home\",\"item\":\"https:\/\/elektronmusikstudion.se\/en\/\"},{\"@type\":\"ListItem\",\"position\":2,\"name\":\"Guest Composers\",\"item\":\"https:\/\/elektronmusikstudion.se\/en\/guest-composers\/\"},{\"@type\":\"ListItem\",\"position\":3,\"name\":\"Guest Composers 2026\",\"item\":\"https:\/\/elektronmusikstudion.se\/en\/guest-composers\/guest-composers-2026\/\"},{\"@type\":\"ListItem\",\"position\":4,\"name\":\"Gabriel Kleber\"}]},{\"@type\":\"WebSite\",\"@id\":\"https:\/\/elektronmusikstudion.se\/#website\",\"url\":\"https:\/\/elektronmusikstudion.se\/\",\"name\":\"Elektronmusikstudion\",\"description\":\"\",\"potentialAction\":[{\"@type\":\"SearchAction\",\"target\":{\"@type\":\"EntryPoint\",\"urlTemplate\":\"https:\/\/elektronmusikstudion.se\/?s={search_term_string}\"},\"query-input\":{\"@type\":\"PropertyValueSpecification\",\"valueRequired\":true,\"valueName\":\"search_term_string\"}}],\"inLanguage\":\"en-US\"}]}<\/script>\n<!-- \/ Yoast SEO plugin. -->","yoast_head_json":{"title":"Gabriel Kleber - Elektronmusikstudion","robots":{"index":"index","follow":"follow","max-snippet":"max-snippet:-1","max-image-preview":"max-image-preview:large","max-video-preview":"max-video-preview:-1"},"canonical":"https:\/\/elektronmusikstudion.se\/en\/guest-composers\/guest-composers-2026\/gabriel-kleber\/","og_locale":"en_US","og_type":"article","og_title":"Gabriel Kleber - Elektronmusikstudion","og_description":"Gabriel Kleber is a composer and sound artist based in Berlin who works at the intersection of installation art, electronic instrument design, and experimental composition. His work has been presented across Europe at venues and festivals such as CLB Berlin, 48h Neuk\u00f6lln, and B\u00e4renzwinger in Germany; HEK Basel, Zeitr\u00e4ume Basel, and Attacca in Switzerland; as [&hellip;]","og_url":"https:\/\/elektronmusikstudion.se\/en\/guest-composers\/guest-composers-2026\/gabriel-kleber\/","og_site_name":"Elektronmusikstudion","article_modified_time":"2026-04-15T07:13:59+00:00","og_image":[{"width":2560,"height":1707,"url":"https:\/\/elektronmusikstudion.se\/wp-content\/uploads\/sites\/6\/2026\/03\/Gabriel-Kleber-scaled.jpg","type":"image\/jpeg"}],"twitter_card":"summary_large_image","twitter_misc":{"Est. reading time":"1 minute"},"schema":{"@context":"https:\/\/schema.org","@graph":[{"@type":"WebPage","@id":"https:\/\/elektronmusikstudion.se\/en\/guest-composers\/guest-composers-2026\/gabriel-kleber\/","url":"https:\/\/elektronmusikstudion.se\/en\/guest-composers\/guest-composers-2026\/gabriel-kleber\/","name":"Gabriel Kleber - Elektronmusikstudion","isPartOf":{"@id":"https:\/\/elektronmusikstudion.se\/#website"},"primaryImageOfPage":{"@id":"https:\/\/elektronmusikstudion.se\/en\/guest-composers\/guest-composers-2026\/gabriel-kleber\/#primaryimage"},"image":{"@id":"https:\/\/elektronmusikstudion.se\/en\/guest-composers\/guest-composers-2026\/gabriel-kleber\/#primaryimage"},"thumbnailUrl":"https:\/\/elektronmusikstudion.se\/wp-content\/uploads\/sites\/6\/2026\/03\/Gabriel-Kleber-1024x683.jpg","datePublished":"2026-03-25T12:02:36+00:00","dateModified":"2026-04-15T07:13:59+00:00","breadcrumb":{"@id":"https:\/\/elektronmusikstudion.se\/en\/guest-composers\/guest-composers-2026\/gabriel-kleber\/#breadcrumb"},"inLanguage":"en-US","potentialAction":[{"@type":"ReadAction","target":["https:\/\/elektronmusikstudion.se\/en\/guest-composers\/guest-composers-2026\/gabriel-kleber\/"]}]},{"@type":"ImageObject","inLanguage":"en-US","@id":"https:\/\/elektronmusikstudion.se\/en\/guest-composers\/guest-composers-2026\/gabriel-kleber\/#primaryimage","url":"https:\/\/elektronmusikstudion.se\/wp-content\/uploads\/sites\/6\/2026\/03\/Gabriel-Kleber-1024x683.jpg","contentUrl":"https:\/\/elektronmusikstudion.se\/wp-content\/uploads\/sites\/6\/2026\/03\/Gabriel-Kleber-1024x683.jpg"},{"@type":"BreadcrumbList","@id":"https:\/\/elektronmusikstudion.se\/en\/guest-composers\/guest-composers-2026\/gabriel-kleber\/#breadcrumb","itemListElement":[{"@type":"ListItem","position":1,"name":"Home","item":"https:\/\/elektronmusikstudion.se\/en\/"},{"@type":"ListItem","position":2,"name":"Guest Composers","item":"https:\/\/elektronmusikstudion.se\/en\/guest-composers\/"},{"@type":"ListItem","position":3,"name":"Guest Composers 2026","item":"https:\/\/elektronmusikstudion.se\/en\/guest-composers\/guest-composers-2026\/"},{"@type":"ListItem","position":4,"name":"Gabriel Kleber"}]},{"@type":"WebSite","@id":"https:\/\/elektronmusikstudion.se\/#website","url":"https:\/\/elektronmusikstudion.se\/","name":"Elektronmusikstudion","description":"","potentialAction":[{"@type":"SearchAction","target":{"@type":"EntryPoint","urlTemplate":"https:\/\/elektronmusikstudion.se\/?s={search_term_string}"},"query-input":{"@type":"PropertyValueSpecification","valueRequired":true,"valueName":"search_term_string"}}],"inLanguage":"en-US"}]}},"_links":{"self":[{"href":"https:\/\/elektronmusikstudion.se\/en\/wp-json\/wp\/v2\/pages\/13352","targetHints":{"allow":["GET"]}}],"collection":[{"href":"https:\/\/elektronmusikstudion.se\/en\/wp-json\/wp\/v2\/pages"}],"about":[{"href":"https:\/\/elektronmusikstudion.se\/en\/wp-json\/wp\/v2\/types\/page"}],"author":[{"embeddable":true,"href":"https:\/\/elektronmusikstudion.se\/en\/wp-json\/wp\/v2\/users\/4"}],"replies":[{"embeddable":true,"href":"https:\/\/elektronmusikstudion.se\/en\/wp-json\/wp\/v2\/comments?post=13352"}],"version-history":[{"count":3,"href":"https:\/\/elektronmusikstudion.se\/en\/wp-json\/wp\/v2\/pages\/13352\/revisions"}],"predecessor-version":[{"id":13783,"href":"https:\/\/elektronmusikstudion.se\/en\/wp-json\/wp\/v2\/pages\/13352\/revisions\/13783"}],"up":[{"embeddable":true,"href":"https:\/\/elektronmusikstudion.se\/en\/wp-json\/wp\/v2\/pages\/11646"}],"wp:attachment":[{"href":"https:\/\/elektronmusikstudion.se\/en\/wp-json\/wp\/v2\/media?parent=13352"}],"curies":[{"name":"wp","href":"https:\/\/api.w.org\/{rel}","templated":true}]}}

<div class="w-constrained">
	<p class="mb-4 font-light font-text-font text-large-text leading-large-text md:mb-10">At  EMS April 9&ndash;14, 2026</p>
</div>


<div class="richtext w-constrained">
<figure class="wp-block-image size-large"><img loading="lazy" decoding="async" width="1024" height="683" src="https://elektronmusikstudion.se/wp-content/uploads/sites/6/2026/03/Gabriel-Kleber-1024x683.jpg" alt="" class="wp-image-13353" srcset="https://elektronmusikstudion.se/wp-content/uploads/sites/6/2026/03/Gabriel-Kleber-1024x683.jpg 1024w, https://elektronmusikstudion.se/wp-content/uploads/sites/6/2026/03/Gabriel-Kleber-300x200.jpg 300w, https://elektronmusikstudion.se/wp-content/uploads/sites/6/2026/03/Gabriel-Kleber-768x512.jpg 768w, https://elektronmusikstudion.se/wp-content/uploads/sites/6/2026/03/Gabriel-Kleber-1536x1024.jpg 1536w, https://elektronmusikstudion.se/wp-content/uploads/sites/6/2026/03/Gabriel-Kleber-2048x1366.jpg 2048w" sizes="auto, (max-width: 1024px) 100vw, 1024px" /></figure>
</div>

<div class="w-constrained richtext"><external-link-icon>
<p>Gabriel Kleber is a composer and sound artist based in Berlin who works at the intersection of installation art, electronic instrument design, and experimental composition. His work has been presented across Europe at venues and festivals such as CLB Berlin, 48h Neukölln, and Bärenzwinger in Germany; HEK Basel, Zeiträume Basel, and Attacca in Switzerland; as well as in Sweden, Russia, and Belgium. His most recent project, <em>Artefakt</em>, is an interactive audiovisual installation that premiered at HEK Basel in January 2026. In April, he will return as a resident composer at EMS Stockholm in preparation for the Rymdkonsert at Tekniska Museet.</p>
</external-link-icon></div>

<p>Gabriel Kleber is a composer and sound artist based in Berlin who works at the intersection of installation art, electronic instrument design, and experimental composition. His work has been presented across Europe at venues and festivals such as CLB Berlin, 48h Neukölln, and Bärenzwinger in Germany; HEK Basel, Zeiträume Basel, and Attacca in Switzerland; as [&hellip;]</p>

<!-- This site is optimized with the Yoast SEO plugin v25.8 - https://yoast.com/wordpress/plugins/seo/ -->
<title>Gabriel Kleber - Elektronmusikstudion</title>
<meta name="robots" content="index, follow, max-snippet:-1, max-image-preview:large, max-video-preview:-1" />
<link rel="canonical" href="https://elektronmusikstudion.se/en/guest-composers/guest-composers-2026/gabriel-kleber/" />
<meta property="og:locale" content="en_US" />
<meta property="og:type" content="article" />
<meta property="og:title" content="Gabriel Kleber - Elektronmusikstudion" />
<meta property="og:description" content="Gabriel Kleber is a composer and sound artist based in Berlin who works at the intersection of installation art, electronic instrument design, and experimental composition. His work has been presented across Europe at venues and festivals such as CLB Berlin, 48h Neukölln, and Bärenzwinger in Germany; HEK Basel, Zeiträume Basel, and Attacca in Switzerland; as [&hellip;]" />
<meta property="og:url" content="https://elektronmusikstudion.se/en/guest-composers/guest-composers-2026/gabriel-kleber/" />
<meta property="og:site_name" content="Elektronmusikstudion" />
<meta property="article:modified_time" content="2026-04-15T07:13:59+00:00" />
<meta property="og:image" content="https://elektronmusikstudion.se/wp-content/uploads/sites/6/2026/03/Gabriel-Kleber-scaled.jpg" />
	<meta property="og:image:width" content="2560" />
	<meta property="og:image:height" content="1707" />
	<meta property="og:image:type" content="image/jpeg" />
<meta name="twitter:card" content="summary_large_image" />
<meta name="twitter:label1" content="Est. reading time" />
	<meta name="twitter:data1" content="1 minute" />
<script type="application/ld+json" class="yoast-schema-graph">{"@context":"https://schema.org","@graph":[{"@type":"WebPage","@id":"https://elektronmusikstudion.se/en/guest-composers/guest-composers-2026/gabriel-kleber/","url":"https://elektronmusikstudion.se/en/guest-composers/guest-composers-2026/gabriel-kleber/","name":"Gabriel Kleber - Elektronmusikstudion","isPartOf":{"@id":"https://elektronmusikstudion.se/#website"},"primaryImageOfPage":{"@id":"https://elektronmusikstudion.se/en/guest-composers/guest-composers-2026/gabriel-kleber/#primaryimage"},"image":{"@id":"https://elektronmusikstudion.se/en/guest-composers/guest-composers-2026/gabriel-kleber/#primaryimage"},"thumbnailUrl":"https://elektronmusikstudion.se/wp-content/uploads/sites/6/2026/03/Gabriel-Kleber-1024x683.jpg","datePublished":"2026-03-25T12:02:36+00:00","dateModified":"2026-04-15T07:13:59+00:00","breadcrumb":{"@id":"https://elektronmusikstudion.se/en/guest-composers/guest-composers-2026/gabriel-kleber/#breadcrumb"},"inLanguage":"en-US","potentialAction":[{"@type":"ReadAction","target":["https://elektronmusikstudion.se/en/guest-composers/guest-composers-2026/gabriel-kleber/"]}]},{"@type":"ImageObject","inLanguage":"en-US","@id":"https://elektronmusikstudion.se/en/guest-composers/guest-composers-2026/gabriel-kleber/#primaryimage","url":"https://elektronmusikstudion.se/wp-content/uploads/sites/6/2026/03/Gabriel-Kleber-1024x683.jpg","contentUrl":"https://elektronmusikstudion.se/wp-content/uploads/sites/6/2026/03/Gabriel-Kleber-1024x683.jpg"},{"@type":"BreadcrumbList","@id":"https://elektronmusikstudion.se/en/guest-composers/guest-composers-2026/gabriel-kleber/#breadcrumb","itemListElement":[{"@type":"ListItem","position":1,"name":"Home","item":"https://elektronmusikstudion.se/en/"},{"@type":"ListItem","position":2,"name":"Guest Composers","item":"https://elektronmusikstudion.se/en/guest-composers/"},{"@type":"ListItem","position":3,"name":"Guest Composers 2026","item":"https://elektronmusikstudion.se/en/guest-composers/guest-composers-2026/"},{"@type":"ListItem","position":4,"name":"Gabriel Kleber"}]},{"@type":"WebSite","@id":"https://elektronmusikstudion.se/#website","url":"https://elektronmusikstudion.se/","name":"Elektronmusikstudion","description":"","potentialAction":[{"@type":"SearchAction","target":{"@type":"EntryPoint","urlTemplate":"https://elektronmusikstudion.se/?s={search_term_string}"},"query-input":{"@type":"PropertyValueSpecification","valueRequired":true,"valueName":"search_term_string"}}],"inLanguage":"en-US"}]}</script>
<!-- / Yoast SEO plugin. -->

Gabriel Kleber is a composer and sound artist based in Berlin who works at the intersection of installation art, electronic instrument design, and experimental composition. His work has been presented across Europe at venues and festivals such as CLB Berlin, 48h Neukölln, and Bärenzwinger in Germany; HEK Basel, Zeiträume Basel, and Attacca in Switzerland; as [&hellip;]
